0.
2, 5, 11399, 36241
What are the prime factors of 35201579?
7, 571, 8807
List the prime factors of 92816159.
19, 641, 7621
List the prime factors of 1066371440.
2, 5, 97, 131, 1049
What are the prime factors of 6704803?
7, 179, 5351
List the prime factors of 1018266641.
7, 31, 4692473
List the prime factors of 273859107.
3, 91286369
List the prime factors of 663742136.
2, 82967767
List the prime factors of 313753894.
2, 41, 1607, 2381
What are the prime factors of 910266910?
2, 5, 7, 179, 72647
What are the prime factors of 2266182717?
3, 755394239
What are the prime factors of 24186670?
2, 5, 47, 51461
List the prime factors of 2942605922.
2, 17, 5501, 15733
List the prime factors of 619554973.
37, 16744729
What are the prime factors of 59123638?
2, 7, 4223117
What are the prime factors of 76619968?
2, 1197187
List the prime factors of 875592526.
2, 151, 2899313
List the prime factors of 9801389.
13, 109, 6917
List the prime factors of 468640022.
2, 293, 799727
What are the prime factors of 60548072?
2, 13, 577, 1009
List the prime factors of 22207093.
127, 174859
What are the prime factors of 572434902?
2, 3, 13, 23, 31, 47, 73
List the prime factors of 1072488596.
2, 268122149
List the prime factors of 34695363.
3, 59, 211, 929
List the prime factors of 53970294.
2, 3, 7, 863, 1489
What are the prime factors of 70398015?
3, 5, 157, 167, 179
What are the prime factors of 1976267313?
3, 151, 1454207
What are the prime factors of 141320954?
2, 241, 449, 653
What are the prime factors of 77393564?
2, 19348391
What are the prime factors of 3416210766?
2, 3, 43, 373, 11833
List the prime factors of 644704709.
11, 233, 251543
List the prime factors of 239413897.
131, 263, 6949
What are the prime factors of 1877925925?
5, 75117037
List the prime factors of 2137284965.
5, 17, 809, 31081
List the prime factors of 5349145.
5, 641, 1669
List the prime factors of 356588697.
3, 199, 597301
What are the prime factors of 298310399?
79, 3776081
List the prime factors of 664602094.
2, 13, 757, 33767
What are the prime factors of 427975948?
2, 181, 591127
List the prime factors of 7924684.
2, 1279, 1549
What are the prime factors of 88657393?
11, 53, 241, 631
What are the prime factors of 732359416?
2, 4357, 21011
What are the prime factors of 286776390?
2, 3, 5, 9559213
What are the prime factors of 118887168?
2, 3, 283, 547
What are the prime factors of 3554399371?
7193, 494147
What are the prime factors of 367531281?
3, 13, 1289, 2437
List the prime factors of 37584594.
2, 3, 457, 1523
List the prime factors of 119651391.
3, 4431533
What are the prime factors of 571733672?
2, 71466709
List the prime factors of 336451451.
7, 463, 103811
List the prime factors of 20879227.
20879227
List the prime factors of 541476054.
2, 3, 7, 4297429
List the prime factors of 2104209285.
3, 5, 140280619
What are the prime factors of 9037028?
2, 7, 11, 13, 37, 61
List the prime factors of 1394752158.
2, 3, 29, 2671939
List the prime factors of 24591497.
7, 3513071
List the prime factors of 55779201.
3, 6197689
List the prime factors of 52778932.
2, 47, 383, 733
What are the prime factors of 232984691?
232984691
What are the prime factors of 3655475331?
3, 59, 20652403
What are the prime factors of 326452614?
2, 3, 467, 116507
What are the prime factors of 2177040037?
2177040037
List the prime factors of 33052630.
2, 5, 13, 71, 3581
List the prime factors of 2219640075.
3, 5, 281, 35107
What are the prime factors of 6194365770?
2, 3, 5, 206478859
List the prime factors of 82420134.
2, 3, 31, 347, 1277
What are the prime factors of 54124061?
54124061
List the prime factors of 193116384.
2, 3, 670543
List the prime factors of 267604084.
2, 11, 659, 839
List the prime factors of 1126413.
3, 41719
What are the prime factors of 98407661?
11, 8946151
List the prime factors of 600104182.
2, 17, 17650123
List the prime factors of 33181.
33181
List the prime factors of 64952340.
2, 3, 5, 449, 2411
What are the prime factors of 752978398?
2, 19, 211, 93911
What are the prime factors of 2697698558?
2, 1348849279
List the prime factors of 138579376.
2, 13, 17, 39191
List the prime factors of 293870986.
2, 19, 7733447
List the prime factors of 1209377084.
2, 31, 9753041
What are the prime factors of 408134562?
2, 3, 11, 6183857
List the prime factors of 1850365251.
3, 7, 29370877
What are the prime factors of 111581210?
2, 5, 13, 858317
List the prime factors of 926460649.
37, 25039477
List the prime factors of 33055057.
7, 73, 9241
List the prime factors of 1101590642.
2, 31, 17767591
What are the prime factors of 1061046492?
2, 3, 11, 139, 57829
What are the prime factors of 182135167?
29, 6280523
What are the prime factors of 39623649?
3, 13, 1015991
List the prime factors of 524283220.
2, 5, 26214161
List the prime factors of 2510286742.
2, 17, 73831963
List the prime factors of 383710782.
2, 3, 7, 13, 54059
List the prime factors of 11396652.
2, 3, 29, 32749
What are the prime factors of 164946080?
2, 5, 13, 79301
What are the prime factors of 2918557144?
2, 17, 21459979
What are the prime factors of 2771021?
11, 22901
What are the prime factors of 423515234?
2, 211757617
What are the prime factors of 26823903?
3, 8941301
What are the prime factors of 652441010?
2, 5, 13, 71, 70687
List the prime factors of 30777151.
23, 47, 71, 401
List the prime factors of 802919214.
2, 3, 17, 19, 138101
List the prime factors of 5535425822.
2, 2293, 1207027
What are the prime factors of 51530618?
2, 31, 831139
List the prime factors of 30839668.
2, 31, 248707
List the prime factors of 4507633.
13, 269, 1289
List the prime factors of 2730713.
2730713
List the prime factors of 7905904542.
2, 3, 29, 15145411
List the prime factors of 1185495576.
2, 3, 19, 1103, 2357
List the prime factors of 529526810.
2, 5, 31, 937, 1823
List the prime factors of 40970634.
2, 3, 67, 101917
List the prime factors of 3033280940.
2, 5, 23, 107, 61627
What are the prime factors of 3272827290?
2, 3, 5, 109094243
What are the prime factors of 1453205708?
2, 523, 694649
List the prime factors of 348336056.
2, 37, 1176811
List the prime factors of 145355850.
2, 3, 5, 107671
List the prime factors of 660330695.
5, 709, 186271
List the prime factors of 699865008.
2, 3, 14580521
List the prime factors of 1559801652.
2, 3, 129983471
What are the prime factors of 77665581?
3, 7, 410929
List the prime factors of 8001205.
5, 1600241
What are the prime factors of 1253115381?
3, 7, 59672161
List the prime factors of 536662688.
2, 16770709
List the prime factors of 125777023.
37, 67, 113, 449
What are the prime factors of 2697271411?
29, 93009359
What are the prime factors of 1013302544?
2, 17, 883, 4219
List the prime factors of 314170231.
47, 6684473
List the prime factors of 202341555.
3, 5, 13, 29, 11927
List the prime factors of 427661744.
2, 26728859
What are the prime factors of 53975584?
2, 13, 129749
What are the prime factors of 960988527?
3, 53, 2014651
List the prime factors of 1709916266.
2, 197, 4339889
List the prime factors of 260201134.
2, 130100567
List the prime factors of 27284793.
3, 1871, 4861
What are the prime factors of 226893134?
2, 13, 223, 39133
List the prime factors of 25259709.
3, 673, 12511
List the prime factors of 599119839.
3, 41, 1623631
List the prime factors of 70773740.
2, 5, 3538687
What are the prime factors of 26925688?
2, 17, 29, 6827
What are the prime factors of 4098431087?
163, 1373, 18313
What are the prime factors of 258373676?
2, 11, 577, 10177
What are the prime factors of 885869720?
2, 5, 22146743
What are the prime factors of 1000374279?
3, 333458093
List the prime factors of 3032165.
5, 606433
What are the prime factors of 36196707?
3, 199, 60631
What are the prime factors of 562118365?
5, 112423673
List the prime factors of 8144358.
2, 3, 563, 2411
What are the prime factors of 1070288875?
5, 8562311
What are the prime factors of 146208956?
2, 3697, 9887
List the prime factors of 97304243.
17, 5723779
What are the prime factors of 61844795?
5, 1669, 7411
What are the prime factors of 269396969?
179, 1505011
List the prime factors of 63476700.
2, 3, 5, 7, 167, 181
List the prime factors of 2021984706.
2, 3, 7, 353, 19483
List the prime factors of 542709000.
2, 3, 5, 47, 1283